sands digit of 1203?
1
What is the tens digit of 1816?
1
What is the hundreds digit of 9877?
8
What is the thousands digit of 6269?
6
What is the thousands digit of 70532?
0
What is the hundreds digit of 602?
6
What is the units digit of 727?
7
What is the hundreds digit of 2036?
0
What is the hundreds digit of 11773?
7
What is the ten thousands digit of 10911?
1
What is the tens digit of 5520?
2
What is the hundreds digit of 15444?
4
What is the hundreds digit of 280?
2
What is the units digit of 685?
5
What is the tens digit of 15265?
6
What is the thousands digit of 2889?
2
What is the units digit of 55?
5
What is the units digit of 5344?
4
What is the hundreds digit of 34729?
7
What is the tens digit of 20576?
7
What is the tens digit of 7700?
0
What is the tens digit of 1101?
0
What is the thousands digit of 4658?
4
What is the hundreds digit of 4521?
5
What is the hundreds digit of 1181?
1
What is the ten thousands digit of 52338?
5
What is the thousands digit of 6202?
6
What is the hundreds digit of 656?
6
What is the units digit of 3337?
7
What is the units digit of 41274?
4
What is the units digit of 1080?
0
What is the hundreds digit of 2691?
6
What is the tens digit of 128?
2
What is the hundreds digit of 289?
2
What is the hundreds digit of 20178?
1
What is the thousands digit of 16634?
6
What is the tens digit of 6822?
2
What is the units digit of 142?
2
What is the thousands digit of 9528?
9
What is the units digit of 135?
5
What is the tens digit of 63265?
6
What is the thousands digit of 2506?
2
What is the thousands digit of 27218?
7
What is the thousands digit of 1451?
1
What is the hundreds digit of 2049?
0
What is the units digit of 1229?
9
What is the units digit of 2941?
1
What is the thousands digit of 21385?
1
What is the hundreds digit of 3054?
0
What is the thousands digit of 6649?
6
What is the thousands digit of 6273?
6
What is the units digit of 16155?
5
What is the tens digit of 743?
4
What is the tens digit of 8326?
2
What is the tens digit of 148880?
8
What is the hundreds digit of 170?
1
What is the tens digit of 14330?
3
What is the thousands digit of 18294?
8
What is the hundreds digit of 1046?
0
What is the tens digit of 352?
5
What is the ten thousands digit of 24080?
2
What is the tens digit of 8483?
8
What is the tens digit of 58155?
5
What is the ten thousands digit of 79100?
7
What is the ten thousands digit of 38424?
3
What is the units digit of 411?
1
What is the thousands digit of 7128?
7
What is the tens digit of 479?
7
What is the tens digit of 3221?
2
What is the hundreds digit of 9783?
7
What is the hundreds digit of 737?
7
What is the ten thousands digit of 10580?
1
What is the tens digit of 37152?
5
What is the thousands digit of 30698?
0
What is the hundreds digit of 1601?
6
What is the ten thousands digit of 34188?
3
What is the units digit of 6694?
4
What is the units digit of 22638?
8
What is the thousands digit of 3315?
3
What is the thousands digit of 3018?
3
What is the tens digit of 22237?
3
What is the hundreds digit of 1705?
7
What is the tens digit of 1893?
9
What is the hundreds digit of 52295?
2
What is the units digit of 74?
4
What is the hundreds digit of 5359?
3
What is the units digit of 8635?
5
What is the hundreds digit of 4136?
1
What is the units digit of 6180?
0
What is the ten thousands digit of 12785?
1
What is the hundreds digit of 15154?
1
What is the tens digit of 114?
1
What is the units digit of 24748?
8
What is the tens digit of 2320?
2
What is the units digit of 44676?
6
What is the tens digit of 3784?
8
What is the thousands digit of 31663?
1
What is the tens digit of 52745?
4
What is the thousands digit of 67740?
7
What is the units digit of 6184?
4
What is the units digit of 47?
7
What is the tens digit of 7924?
2
What is the hundreds digit of 2651?
6
What is the units digit of 707?
7
What is the thousands digit of 2927?
2
What is the units digit of 21031?
1
What is the thousands digit of 2200?
2
What is the tens digit of 23122?
2
What is the tens digit of 66917?
1
What is the hundreds digit of 268?
2
What is the tens digit of 5485?
8
What is the ten thousands digit of 200402?
0
What is the units digit of 866?
6
What is the hundreds digit of 7825?
8
What is the ten thousands digit of 40895?
4
What is the units digit of 10789?
9
What is the units digit of 3781?
1
What is the units digit of 119529?
9
What is the units digit of 936?
6
What is the thousands digit of 1085?
1
What is the hundreds digit of 20295?
2
What is the units digit of 5674?
4
What is the tens digit of 16795?
9
What is the hundreds digit of 334?
3
What is the thousands digit of 14478?
4
What is the thousands digit of 1047?
1
What is the hundreds digit of 116914?
9
What is the tens digit of 6126?
2
What is the hundreds digit of 2485?
4
What is the tens digit of 1418?
1
What is the tens digit of 59173?
7
What is the ten thousands digit of 57965?
5
What is the hundreds digit of 12821?
8
What is the hundreds digit of 9418?
4
What is the ten thousands digit of 14051?
1
What is the hundreds digit of 259?
2
What is the thousands digit of 2884?
2
What is the hundreds digit of 26035?
0
What is the units digit of 5777?
7
What is the units digit of 1679?
9
What is the tens digit of 1195?
9
What is the thousands digit of 30695?
0
What is the units digit of 5295?
5
What is the thousands digit of 114101?
4
What is the ten thousands digit of 54865?
5
What is the units digit of 1361?
1
What is the tens digit of 1658?
5
What is the tens digit of 17084?
8
What is the hundreds digit of 18854?
8
What is the units digit of 102935?
5
What is the tens digit of 430?
3
What is the ten thousands digit of 10762?
1
What is the hundred thousands digit of 103743?
1
What is the thousands digit of 1132?
1
What is the units digit of 32658?
8
What is the hundreds digit of 4559?
5
What is the hundreds digit of 33479?
4
What is the ten thousands digit of 120757?
2
What is the units digit of 20035?
5
What is the hundreds digit of 2410?
4
What is the hundreds digit of 7651?
6
What is the hundreds digit of 225?
2
What is the thousands digit of 23339?
3
What is the units digit of 1307?
7
What is the ten thousands digit of 62438?
6
What is the hundreds digit of 9812?
8
What is the units digit of 994?
4
What is the hundreds digit of 10005?
0
What is the hundreds digit of 77035?
0
What is the ten thousands digit of 10498?
1
What is the thousands digit of 17630?
7
What is the tens digit of 26437?
3
What is the thousands digit of 1439?
1
What is the hundreds digit of 5011?
0
What is the units digit of 46574?
4
What is the hundreds digit of 12716?
7
What is the thousands digit of 7630?
7
What is the hundreds digit of 19808?
8
What is the thousands digit of 6399?
6
What is the units digit of 8677?
7
What is the thousands digit of 4777?
4
What is the units digit of 1395?
5
What is the units digit of 1583?
3
What is the units digit of 3381?
1
What is the ten thousands digit of 64003?
6
What is the hundreds digit of 5037?
0
What is the ten thousands digit of 94177?
9
What is the units digit of 55390?
0
What is the tens digit of 4550?
5
What is the thousands digit of 23764?
3
What is the hundreds digit of 196?
1
What is the ten thousands digit of 107316?
0
What is the hundreds digit of 1182?
1
What is the units digit of 942?
2
What is the hundreds digit of 227?
2
What is the ten thousands digit of 27430?
2
What is the thousands digit of 5452?
5
What is the tens digit of 99159?
5
What is the units digit of 6962?
2
What is the units digit of 6207?
7
What is the units digit of 751?
1
What is the hundreds digit of 7885?
8
What is the hundreds digit of 1240?
2
What is the units digit of 4687?
7
What is the units digit of 76590?
0
What is the hundreds digit of 231?
2
What is the thousands digit of 2170?
2
What is the units digit of 3871?
1
What is the thousands digit of 3954?
3
What is the thousands digit of 4640?
4
What is the hundreds digit of 911?
9
What is the tens digit of 750?
5
What is the units digit of 16629?
9
What is the hundreds digit of 1016?
0
What is the hundreds digit of 982?
9
What is the thousands digit of 2165?
2
What is the hundreds digit of 23539?
5
What is the units digit of 611?
1
What is the tens digit of 5738?
3
What is t